base 12, what is 9022 + -44?
8b9a
In base 16, what is 425 + 4ff1?
5416
In base 11, what is -1091331 + 127?
-1091205
In base 12, what is 35 + -682a53?
-682a1a
In base 5, what is 3133 - -22344002?
22402140
In base 13, what is -5 + 453297?
453292
In base 12, what is 283a1 + 28?
28409
In base 11, what is 37241 + -26?
37216
In base 8, what is -3 + -14020577?
-14020602
In base 4, what is -300201021 - 123?
-300201210
In base 11, what is 6 - -505133?
505139
In base 14, what is -46 - -abbb1?
abb69
In base 10, what is -7331138 - 4?
-7331142
In base 10, what is -127916792 - 1?
-127916793
In base 10, what is 148336907 + -4?
148336903
In base 10, what is -1275997 - 167?
-1276164
In base 14, what is -15787 - -1724?
-14063
In base 3, what is 11102 + 11102012012?
11102100121
In base 5, what is -223303240443 + 1?
-223303240442
In base 2, what is -111001 + -11110101001011011?
-11110101010010100
In base 8, what is -55752420 - 36?
-55752456
In base 2, what is -1101100 + -1001010011100011010100?
-1001010011100101000000
In base 11, what is -8531373 + 5?
-8531369
In base 9, what is 17 - -782274?
782302
In base 4, what is 133222 + -1333?
131223
In base 16, what is 4 + 275f6d?
275f71
In base 16, what is -c + 253f0cb?
253f0bf
In base 4, what is -3 + -132002222022?
-132002222031
In base 16, what is e3 - 1e43f6?
-1e4313
In base 8, what is 110 + -153614?
-153504
In base 15, what is ca49e6 - -2?
ca49e8
In base 6, what is 20001253 - 12?
20001241
In base 16, what is 1 - -51667a?
51667b
In base 2, what is 1000111111 + -10011000111011000?
-10010111110011001
In base 10, what is -1217 - -580958?
579741
In base 10, what is -12266683 + -4?
-12266687
In base 14, what is -4b - 24a7b?
-24ac8
In base 8, what is 6204577 + 175?
6204774
In base 9, what is -14546574 + 2?
-14546572
In base 4, what is 1113 - 3220103001?
-3220101222
In base 11, what is -46 + -351321?
-351367
In base 12, what is 36 - 786408?
-786392
In base 13, what is -580642a0 - -3?
-5806429a
In base 16, what is -282e - 7d3b?
-a569
In base 6, what is 1443544 + 2322?
1450310
In base 11, what is -3 + -6270101?
-6270104
In base 13, what is -1934c + -16a?
-194b9
In base 16, what is 6c6ad4 + f3?
6c6bc7
In base 14, what is 1 - 3d9994?
-3d9993
In base 2, what is 1111 - -11011001100101011001010?
11011001100101011011001
In base 7, what is -24 + -1203630?
-1203654
In base 14, what is -d3c3 + -33?
-d416
In base 15, what is -ee - 2b074?
-2b173
In base 10, what is 17637 + 1727?
19364
In base 3, what is -1 + 2110221201212?
2110221201211
In base 4, what is 13002311 - -1032121?
20101032
In base 13, what is -3 + -a4a3c?
-a4a42
In base 2, what is -10 - 10010011010110000010000?
-10010011010110000010010
In base 5, what is 2 - 14213433313?
-14213433311
In base 10, what is 1647 - -2263?
3910
In base 6, what is -3 - -31511302?
31511255
In base 10, what is 16566 + 36?
16602
In base 13, what is 5190 - -72b?
58bb
In base 9, what is 66 - 1013178?
-1013112
In base 5, what is -243011334 + 420?
-243010414
In base 7, what is 11 - -5633250?
5633261
In base 4, what is -12 + 33231231021?
33231231003
In base 6, what is 35122 - 20030?
15052
In base 14, what is 0 + -135c1b?
-135c1b
In base 15, what is 21d486 - -119?
21d5a0
In base 8, what is -211 + 46262?
46051
In base 4, what is 131212102 - -111103?
131323211
In base 16, what is -2 + 9363fb?
9363f9
In base 7, what is 256 + 25204?
25463
In base 14, what is 0 + -22467434?
-22467434
In base 2, what is -100001101010001010111000001 - -11?
-100001101010001010110111110
In base 15, what is -329 - -4979d?
49474
In base 4, what is 22222301200 - -11?
22222301211
In base 2, what is 11110 - -111010011001001111?
111010011001101101
In base 7, what is 12204 - -114115?
126322
In base 13, what is -959675 + 3?
-959672
In base 3, what is 110 - 120020122000001?
-120020121222121
In base 6, what is 21 - -15050252?
15050313
In base 14, what is 5 + 1a3824a?
1a38251
In base 11, what is 471822 - -71?
471893
In base 4, what is 123002 + 133003?
322011
In base 16, what is -52 + 15fc4?
15f72
In base 2, what is -10101110010 + 110111101001100001?
110111010011101111
In base 3, what is 110201 + 1101102101001?
1101102211202
In base 10, what is -573 - -72287?
71714
In base 11, what is -3 - 671711?
-671714
In base 8, what is -15100 - -10053?
-5025
In base 7, what is -11005 + 43144?
32136
In base 2, what is 1001100110001 - -11011110010?
1101000100011
In base 14, what is 3b06b0 - -5?
3b06b5
In base 3, what is -1001011010121010 - 12?
-1001011010121022
In base 13, what is 13 - -117058?
11706b
In base 12, what is -3 - 9585191?
-9585194
In base 4, what is -3 - 12110103003?
-12110103012
In base 16, what is -375461 - -19?
-375448
In base 12, what is 16a0b - 15a1?
1542a
In base 2, what is -1101 - 10001011111111010010?
-10001011111111011111
In base 7, what is -21512 + 1235?
-20244
In base 12, what is -846 + b18?
292
In base 7, what is -1006501444 + -1?
-1006501445
In base 9, what is -54302725 - 1?
-54302726
In base 10, what is 108 + 15240?
15348
In base 2, what is -1010110000110110 + -11101?
-1010110001010011
In base 5, what is -1034411241014 - 4?
-1034411241023
In base 2, what is -1001 - -1100010110111101011000100?
1100010110111101010111011
In base 8, what is -241 - 415660?
-416121
In base 8, what is 71422671 + -1?
71422670
In base 6, what is 104543 + -2352?
102151
In base 13, what is -1919c194c + 4?
-1919c1948
In base 8, what is -5342 - -474700?
467336
In base 8, what is 1 - -21515217?
21515220
In base 13, what is -5 + -33a4038?
-33a4040
In base 9, what is 12 - 30872202?
-30872180
In base 5, what is 1144343032220 - 4?
1144343032211
In base 2, what is 0 - -101000111011100000111101?
101000111011100000111101
In base 16, what is -50a211 - -3?
-50a20e
In base 10, what is -650709 + 18?
-650691
In base 6, what is 3314 - 125224?
-121510
In base 11, what is -2 - 1037353?
-1037355
In base 8, what is -71 + 716436?
716345
In base 15, what is -1 - -2158c92?
2158c91
In base 15, what is 171eb - -457?
17653
In base 13, what is 11 - -1059457?
1059468
In base 10, what is -293 - 159733?
-160026
In base 13, what is 2 + 741873?
741875
In base 15, what is -7bc + -5394?
-5b61
In base 11, what is -1273a8 + -1582?
-12897a
In base 11, what is -1602965 + 5?
-1602960
In base 13, what is 7 - b975693?
-b975689
In base 13, what is -2103 - -4673?
2570
In base 3, what is 110022221010 + -102?
110022220201
In base 16, what is -1fa08e - 6?
-1fa094
In base 6, what is 5135533 + -1124?
5134405
In base 6, what is 3321 - -11121151?
11124512
In base 5, what is -20200 - -4104224?
4034024
In base 5, what is 221211 - 42203?
124003
In base 3, what is 2122 - -1100021112201?
1100021122100
In base 6, what is -431245 + 114?
-431131
In base 15, what is -155c - 87bc?
-9d29
In base 3, what is -1 + -1122112202212210?
-1122112202212211
In base 3, what is -1000111122121102 + -10?
-1000111122121112
In base 9, what is -5 - 70870238?
-70870244
In base 8, what is -676725 + 7?
-676716
In base 11, what is 156683 - -19a?
156872
In base 15, what is -1c7720 + -1?
-1c7721
In base 15, what is -1e19e4e0 + 3?
-1e19e4dc
In base 11, what is 111 + -17a0868?
-17a0757
In base 8, what is 5 - -10077075?
10077102
In base 4, what is 103021210 + 1333?
103023203
In base 3, what is 2 + -1122200021210002?
-1122200021210000
In base 2, what is 10001001011011111010110 + -1?
10001001011011111010101
In base 11, what is -1789324 - -6?
-1789319
In base 4, what is 113110122311 - -10?
113110122321
In base 10, what is -2214 - 9090?
-11304
In base 4, what is -3220002123 + -20103?
-3220022232
In base 6, what is 11212 + -504125?
-452513
In base 8, what is 11 - -142026010?
142026021
In base 4, what is 111332000 + -112033?
111213301
In base 9, what is -18 - 20575821?
-20575840
In base 5, what is -1031433040 - 14?
-1031433104
In base 15, what is -1cb + 97b?
7a0
In base 7, what is -3 - -20022031?
20022025
In base 12, what is -25354 + 22?
-25332
In base 6, what is 41505353 + -113?
41505240
In base 11, what is -1557 - -3a337?
38890
In base 9, what is 656116 + 16?
656133
In base 15, what is -2d2 + -a0b9?
-a39b
In base 10, what is -19 - 241938?
-241957
In base 6, what is 125113145 - 11?
125113134
In base 16, what is -5 - -8c0432d?
8c04328
In base 8, what is -1 + 35553100?
35553077
In base 16, what is 260522d9 + 1?
260522da
In base 6, what is 25441121